{"id":18717,"date":"2019-11-12T07:56:39","date_gmt":"2019-11-12T07:56:39","guid":{"rendered":"http:\/\/www.karneval-dipperz.de\/?page_id=18717"},"modified":"2023-08-08T07:33:19","modified_gmt":"2023-08-08T07:33:19","slug":"11-11-2019","status":"publish","type":"page","link":"http:\/\/www.karneval-dipperz.de\/index.php\/11-11-2019\/","title":{"rendered":"11.11.2019"},"content":{"rendered":"<p style=\"text-align: center;\">Der Karnevalverein Dipperz er\u00f6ffnete die n\u00e4rrische Jubil\u00e4umskampagne am 11.11.2019<\/p>\n<p style=\"text-align: center;\">um 11 Uhr 11 mit 11 B\u00f6llersch\u00fcssen vor dem B\u00fcrgerhaus Dipperz!<\/p>\n<p style=\"text-align: center;\"><a href=\"http:\/\/www.karneval-dipperz.de\/index.php\/11-11-2019-bilder\/\">Hier gibt es weitere Bilder<\/a> \u2013 allerdings passwortgesch\u00fctzt! Das Passwort kann beim Vorstand erfragt werden!<\/p>\n<p><a href=\"http:\/\/www.karneval-dipperz.de\/wp-content\/uploads\/2019\/11\/IMG-20191111-WA0003.jpg\"><img loading=\"lazy\" decoding=\"async\" class=\"aligncenter size-large wp-image-18719\" src=\"http:\/\/www.karneval-dipperz.de\/wp-content\/uploads\/2019\/11\/IMG-20191111-WA0003-1024x576.jpg\" alt=\"\" width=\"700\" height=\"394\" srcset=\"http:\/\/www.karneval-dipperz.de\/wp-content\/uploads\/2019\/11\/IMG-20191111-WA0003-1024x576.jpg 1024w, http:\/\/www.karneval-dipperz.de\/wp-content\/uploads\/2019\/11\/IMG-20191111-WA0003-300x169.jpg 300w, http:\/\/www.karneval-dipperz.de\/wp-content\/uploads\/2019\/11\/IMG-20191111-WA0003-768x432.jpg 768w, http:\/\/www.karneval-dipperz.de\/wp-content\/uploads\/2019\/11\/IMG-20191111-WA0003.jpg 1600w\" sizes=\"auto, (max-width: 700px) 100vw, 700px\" \/><\/a><\/p>\n<p><a href=\"http:\/\/www.karneval-dipperz.de\/wp-content\/uploads\/2019\/11\/Orden.jpg\"><img loading=\"lazy\" decoding=\"async\" class=\"aligncenter wp-image-18835 size-medium\" src=\"http:\/\/www.karneval-dipperz.de\/wp-content\/uploads\/2019\/11\/Orden-288x300.jpg\" alt=\"\" width=\"288\" height=\"300\" srcset=\"http:\/\/www.karneval-dipperz.de\/wp-content\/uploads\/2019\/11\/Orden-288x300.jpg 288w, http:\/\/www.karneval-dipperz.de\/wp-content\/uploads\/2019\/11\/Orden-983x1024.jpg 983w, http:\/\/www.karneval-dipperz.de\/wp-content\/uploads\/2019\/11\/Orden-768x800.jpg 768w, http:\/\/www.karneval-dipperz.de\/wp-content\/uploads\/2019\/11\/Orden-1474x1536.jpg 1474w, http:\/\/www.karneval-dipperz.de\/wp-content\/uploads\/2019\/11\/Orden-1966x2048.jpg 1966w, http:\/\/www.karneval-dipperz.de\/wp-content\/uploads\/2019\/11\/Orden.jpg 2037w\" sizes=\"auto, (max-width: 288px) 100vw, 288px\" \/><\/a><\/p>\n","protected":false},"excerpt":{"rendered":"<p>Der Karnevalverein Dipperz er\u00f6ffnete die n\u00e4rrische Jubil\u00e4umskampagne am 11.11.2019 um 11 Uhr 11 mit 11 B\u00f6llersch\u00fcssen vor dem B\u00fcrgerhaus Dipperz! Hier gibt es weitere Bilder \u2013 allerdings passwortgesch\u00fctzt! Das Passwort kann beim Vorstand erfragt werden!<\/p>\n","protected":false},"author":666667,"featured_media":0,"parent":0,"menu_order":0,"comment_status":"closed","ping_status":"closed","template":"","meta":{"ngg_post_thumbnail":0,"footnotes":""},"class_list":["post-18717","page","type-page","status-publish","hentry"],"_links":{"self":[{"href":"http:\/\/www.karneval-dipperz.de\/index.php\/wp-json\/wp\/v2\/pages\/18717","targetHints":{"allow":["GET"]}}],"collection":[{"href":"http:\/\/www.karneval-dipperz.de\/index.php\/wp-json\/wp\/v2\/pages"}],"about":[{"href":"http:\/\/www.karneval-dipperz.de\/index.php\/wp-json\/wp\/v2\/types\/page"}],"author":[{"embeddable":true,"href":"http:\/\/www.karneval-dipperz.de\/index.php\/wp-json\/wp\/v2\/users\/666667"}],"replies":[{"embeddable":true,"href":"http:\/\/www.karneval-dipperz.de\/index.php\/wp-json\/wp\/v2\/comments?post=18717"}],"version-history":[{"count":0,"href":"http:\/\/www.karneval-dipperz.de\/index.php\/wp-json\/wp\/v2\/pages\/18717\/revisions"}],"wp:attachment":[{"href":"http:\/\/www.karneval-dipperz.de\/index.php\/wp-json\/wp\/v2\/media?parent=18717"}],"curies":[{"name":"wp","href":"https:\/\/api.w.org\/{rel}","templated":true}]}}