{"id":22189,"date":"2022-12-19T06:49:34","date_gmt":"2022-12-19T06:49:34","guid":{"rendered":"http:\/\/www.karneval-dipperz.de\/?page_id=22189"},"modified":"2023-05-25T09:09:42","modified_gmt":"2023-05-25T09:09:42","slug":"sitzung-2023","status":"publish","type":"page","link":"http:\/\/www.karneval-dipperz.de\/index.php\/sitzung-2023\/","title":{"rendered":"Sitzungen 2023"},"content":{"rendered":"<p style=\"text-align: center;\"><span style=\"color: #000000;\">Am Samstag, 28.01.2023 fand nach langer Pause unsere 1. Fremdensitzung im Dipperzer B\u00fcrgerhaus statt. Stimmung und gute Laune herrschten bei der ersten Sitzung. Die G\u00e4ste erlebten im B\u00fcrgerhaus endlich wieder einen kurzweiligen Abend mit tollen T\u00e4nzen, farbenfrohe Kost\u00fcmen und humorvollen Beitr\u00e4gen.<\/span><\/p>\r\n<p style=\"text-align: center;\"><span style=\"color: #000000;\"><a style=\"color: #000000;\" href=\"https:\/\/osthessen-news.de\/naerrisch\/n11737775\/erste-kvd-sitzung-unterhalt-die-vorderrhoener-narren.html\" target=\"_blank\" rel=\"noopener\">Artikel Osthessen n\u00e4rrisch<\/a><\/span><\/p>\r\n<p style=\"text-align: center;\"><span style=\"color: #000000;\"><!-- \/wp:post-content -->\r\n\r\n<!-- wp:paragraph {\"align\":\"center\"} --><\/span><\/p>\r\n<p style=\"text-align: center;\"><span style=\"color: #000000;\"><!-- \/wp:paragraph -->\r\n\r\n<!-- wp:paragraph {\"align\":\"center\"} --><\/span><\/p>\r\n<p style=\"text-align: center;\"><span style=\"color: #000000;\"><a style=\"color: #000000;\" href=\"http:\/\/www.karneval-dipperz.de\/index.php\/sitzung-2022-bilder\/\">Hier gibt es mehr Bilder von der 1. Sitzung<\/a> \u2013 allerdings passwortgesch\u00fctzt! Das Passwort kann beim Vorstand erfragt werden!<\/span><\/p>\r\n<p style=\"text-align: center;\"><span style=\"color: #000000;\"><a style=\"color: #000000;\" href=\"http:\/\/www.karneval-dipperz.de\/index.php\/sitzung-2023-nr-2-bilder\/\">Hier gibt es viele Bilder von der 2. Sitzung<\/a> \u2013 allerdings auch passwortgesch\u00fctzt! Das Passwort kann beim Vorstand erfragt werden!<\/span><\/p>\r\n<p style=\"text-align: center;\">&nbsp;<\/p>\r\n<p style=\"text-align: center;\"><span style=\"color: #000000;\"><a style=\"color: #000000;\" href=\"http:\/\/www.karneval-dipperz.de\/wp-content\/uploads\/2023\/01\/230128_2005_772-scaled.jpg\"><img loading=\"lazy\" decoding=\"async\" class=\"alignnone size-large wp-image-22505\" src=\"http:\/\/www.karneval-dipperz.de\/wp-content\/uploads\/2023\/01\/230128_2005_772-1024x576.jpg\" alt=\"\" width=\"700\" height=\"394\" srcset=\"http:\/\/www.karneval-dipperz.de\/wp-content\/uploads\/2023\/01\/230128_2005_772-1024x576.jpg 1024w, http:\/\/www.karneval-dipperz.de\/wp-content\/uploads\/2023\/01\/230128_2005_772-300x169.jpg 300w, http:\/\/www.karneval-dipperz.de\/wp-content\/uploads\/2023\/01\/230128_2005_772-768x432.jpg 768w, http:\/\/www.karneval-dipperz.de\/wp-content\/uploads\/2023\/01\/230128_2005_772-1536x864.jpg 1536w, http:\/\/www.karneval-dipperz.de\/wp-content\/uploads\/2023\/01\/230128_2005_772-2048x1152.jpg 2048w\" sizes=\"auto, (max-width: 700px) 100vw, 700px\" \/><\/a><\/span><\/p>\r\n<p style=\"text-align: center;\"><span style=\"color: #000000;\"><a style=\"color: #000000;\" href=\"http:\/\/www.karneval-dipperz.de\/wp-content\/uploads\/2023\/01\/230128_2006_775-scaled.jpg\"><img loading=\"lazy\" decoding=\"async\" class=\"alignnone size-large wp-image-22506\" src=\"http:\/\/www.karneval-dipperz.de\/wp-content\/uploads\/2023\/01\/230128_2006_775-1024x576.jpg\" alt=\"\" width=\"700\" height=\"394\" srcset=\"http:\/\/www.karneval-dipperz.de\/wp-content\/uploads\/2023\/01\/230128_2006_775-1024x576.jpg 1024w, http:\/\/www.karneval-dipperz.de\/wp-content\/uploads\/2023\/01\/230128_2006_775-300x169.jpg 300w, http:\/\/www.karneval-dipperz.de\/wp-content\/uploads\/2023\/01\/230128_2006_775-768x432.jpg 768w, http:\/\/www.karneval-dipperz.de\/wp-content\/uploads\/2023\/01\/230128_2006_775-1536x864.jpg 1536w, http:\/\/www.karneval-dipperz.de\/wp-content\/uploads\/2023\/01\/230128_2006_775-2048x1152.jpg 2048w\" sizes=\"auto, (max-width: 700px) 100vw, 700px\" \/><\/a><\/span><\/p>\r\n<p style=\"text-align: center;\"><span style=\"color: #000000;\"><a style=\"color: #000000;\" href=\"http:\/\/www.karneval-dipperz.de\/wp-content\/uploads\/2023\/01\/230128_2015_786-scaled.jpg\"><img loading=\"lazy\" decoding=\"async\" class=\"alignnone size-large wp-image-22507\" src=\"http:\/\/www.karneval-dipperz.de\/wp-content\/uploads\/2023\/01\/230128_2015_786-1024x576.jpg\" alt=\"\" width=\"700\" height=\"394\" srcset=\"http:\/\/www.karneval-dipperz.de\/wp-content\/uploads\/2023\/01\/230128_2015_786-1024x576.jpg 1024w, http:\/\/www.karneval-dipperz.de\/wp-content\/uploads\/2023\/01\/230128_2015_786-300x169.jpg 300w, http:\/\/www.karneval-dipperz.de\/wp-content\/uploads\/2023\/01\/230128_2015_786-768x432.jpg 768w, http:\/\/www.karneval-dipperz.de\/wp-content\/uploads\/2023\/01\/230128_2015_786-1536x864.jpg 1536w, http:\/\/www.karneval-dipperz.de\/wp-content\/uploads\/2023\/01\/230128_2015_786-2048x1152.jpg 2048w\" sizes=\"auto, (max-width: 700px) 100vw, 700px\" \/><\/a><\/span><\/p>\r\n<p style=\"text-align: center;\"><span style=\"color: #000000;\"><a style=\"color: #000000;\" href=\"http:\/\/www.karneval-dipperz.de\/wp-content\/uploads\/2023\/01\/230128_2020_791-scaled.jpg\"><img loading=\"lazy\" decoding=\"async\" class=\"alignnone size-large wp-image-22508\" src=\"http:\/\/www.karneval-dipperz.de\/wp-content\/uploads\/2023\/01\/230128_2020_791-1024x576.jpg\" alt=\"\" width=\"700\" height=\"394\" srcset=\"http:\/\/www.karneval-dipperz.de\/wp-content\/uploads\/2023\/01\/230128_2020_791-1024x576.jpg 1024w, http:\/\/www.karneval-dipperz.de\/wp-content\/uploads\/2023\/01\/230128_2020_791-300x169.jpg 300w, http:\/\/www.karneval-dipperz.de\/wp-content\/uploads\/2023\/01\/230128_2020_791-768x432.jpg 768w, http:\/\/www.karneval-dipperz.de\/wp-content\/uploads\/2023\/01\/230128_2020_791-1536x864.jpg 1536w, http:\/\/www.karneval-dipperz.de\/wp-content\/uploads\/2023\/01\/230128_2020_791-2048x1152.jpg 2048w\" sizes=\"auto, (max-width: 700px) 100vw, 700px\" \/><\/a><\/span><\/p>\r\n<p style=\"text-align: center;\"><span style=\"color: #000000;\"><a style=\"color: #000000;\" href=\"http:\/\/www.karneval-dipperz.de\/wp-content\/uploads\/2023\/01\/230128_2043_803-scaled.jpg\"><img loading=\"lazy\" decoding=\"async\" class=\"alignnone size-large wp-image-22509\" src=\"http:\/\/www.karneval-dipperz.de\/wp-content\/uploads\/2023\/01\/230128_2043_803-1024x576.jpg\" alt=\"\" width=\"700\" height=\"394\" srcset=\"http:\/\/www.karneval-dipperz.de\/wp-content\/uploads\/2023\/01\/230128_2043_803-1024x576.jpg 1024w, http:\/\/www.karneval-dipperz.de\/wp-content\/uploads\/2023\/01\/230128_2043_803-300x169.jpg 300w, http:\/\/www.karneval-dipperz.de\/wp-content\/uploads\/2023\/01\/230128_2043_803-768x432.jpg 768w, http:\/\/www.karneval-dipperz.de\/wp-content\/uploads\/2023\/01\/230128_2043_803-1536x864.jpg 1536w, http:\/\/www.karneval-dipperz.de\/wp-content\/uploads\/2023\/01\/230128_2043_803-2048x1152.jpg 2048w\" sizes=\"auto, (max-width: 700px) 100vw, 700px\" \/><\/a><\/span><\/p>\r\n<p style=\"text-align: center;\"><span style=\"color: #000000;\"><a style=\"color: #000000;\" href=\"http:\/\/www.karneval-dipperz.de\/wp-content\/uploads\/2023\/01\/230128_2104_827-scaled.jpg\"><img loading=\"lazy\" decoding=\"async\" class=\"alignnone size-large wp-image-22510\" src=\"http:\/\/www.karneval-dipperz.de\/wp-content\/uploads\/2023\/01\/230128_2104_827-1024x576.jpg\" alt=\"\" width=\"700\" height=\"394\" srcset=\"http:\/\/www.karneval-dipperz.de\/wp-content\/uploads\/2023\/01\/230128_2104_827-1024x576.jpg 1024w, http:\/\/www.karneval-dipperz.de\/wp-content\/uploads\/2023\/01\/230128_2104_827-300x169.jpg 300w, http:\/\/www.karneval-dipperz.de\/wp-content\/uploads\/2023\/01\/230128_2104_827-768x432.jpg 768w, http:\/\/www.karneval-dipperz.de\/wp-content\/uploads\/2023\/01\/230128_2104_827-1536x864.jpg 1536w, http:\/\/www.karneval-dipperz.de\/wp-content\/uploads\/2023\/01\/230128_2104_827-2048x1152.jpg 2048w\" sizes=\"auto, (max-width: 700px) 100vw, 700px\" \/><\/a><\/span><\/p>\r\n<p style=\"text-align: center;\"><span style=\"color: #000000;\"><a style=\"color: #000000;\" href=\"http:\/\/www.karneval-dipperz.de\/wp-content\/uploads\/2023\/01\/230128_2110_841-scaled.jpg\"><img loading=\"lazy\" decoding=\"async\" class=\"alignnone size-large wp-image-22511\" src=\"http:\/\/www.karneval-dipperz.de\/wp-content\/uploads\/2023\/01\/230128_2110_841-1024x576.jpg\" alt=\"\" width=\"700\" height=\"394\" srcset=\"http:\/\/www.karneval-dipperz.de\/wp-content\/uploads\/2023\/01\/230128_2110_841-1024x576.jpg 1024w, http:\/\/www.karneval-dipperz.de\/wp-content\/uploads\/2023\/01\/230128_2110_841-300x169.jpg 300w, http:\/\/www.karneval-dipperz.de\/wp-content\/uploads\/2023\/01\/230128_2110_841-768x432.jpg 768w, http:\/\/www.karneval-dipperz.de\/wp-content\/uploads\/2023\/01\/230128_2110_841-1536x864.jpg 1536w, http:\/\/www.karneval-dipperz.de\/wp-content\/uploads\/2023\/01\/230128_2110_841-2048x1152.jpg 2048w\" sizes=\"auto, (max-width: 700px) 100vw, 700px\" \/><\/a><\/span><\/p>\r\n<p style=\"text-align: center;\"><span style=\"color: #000000;\"><a style=\"color: #000000;\" href=\"http:\/\/www.karneval-dipperz.de\/wp-content\/uploads\/2023\/01\/230128_2114_853-scaled.jpg\"><img loading=\"lazy\" decoding=\"async\" class=\"alignnone size-large wp-image-22512\" src=\"http:\/\/www.karneval-dipperz.de\/wp-content\/uploads\/2023\/01\/230128_2114_853-1024x576.jpg\" alt=\"\" width=\"700\" height=\"394\" srcset=\"http:\/\/www.karneval-dipperz.de\/wp-content\/uploads\/2023\/01\/230128_2114_853-1024x576.jpg 1024w, http:\/\/www.karneval-dipperz.de\/wp-content\/uploads\/2023\/01\/230128_2114_853-300x169.jpg 300w, http:\/\/www.karneval-dipperz.de\/wp-content\/uploads\/2023\/01\/230128_2114_853-768x432.jpg 768w, http:\/\/www.karneval-dipperz.de\/wp-content\/uploads\/2023\/01\/230128_2114_853-1536x864.jpg 1536w, http:\/\/www.karneval-dipperz.de\/wp-content\/uploads\/2023\/01\/230128_2114_853-2048x1152.jpg 2048w\" sizes=\"auto, (max-width: 700px) 100vw, 700px\" \/><\/a><\/span><\/p>\r\n<p style=\"text-align: center;\"><span style=\"color: #000000;\"><a style=\"color: #000000;\" href=\"http:\/\/www.karneval-dipperz.de\/wp-content\/uploads\/2023\/01\/230128_2131_873-scaled.jpg\"><img loading=\"lazy\" decoding=\"async\" class=\"alignnone size-large wp-image-22513\" src=\"http:\/\/www.karneval-dipperz.de\/wp-content\/uploads\/2023\/01\/230128_2131_873-1024x576.jpg\" alt=\"\" width=\"700\" height=\"394\" srcset=\"http:\/\/www.karneval-dipperz.de\/wp-content\/uploads\/2023\/01\/230128_2131_873-1024x576.jpg 1024w, http:\/\/www.karneval-dipperz.de\/wp-content\/uploads\/2023\/01\/230128_2131_873-300x169.jpg 300w, http:\/\/www.karneval-dipperz.de\/wp-content\/uploads\/2023\/01\/230128_2131_873-768x432.jpg 768w, http:\/\/www.karneval-dipperz.de\/wp-content\/uploads\/2023\/01\/230128_2131_873-1536x864.jpg 1536w, http:\/\/www.karneval-dipperz.de\/wp-content\/uploads\/2023\/01\/230128_2131_873-2048x1152.jpg 2048w\" sizes=\"auto, (max-width: 700px) 100vw, 700px\" \/><\/a><\/span><\/p>\r\n<p style=\"text-align: center;\"><span style=\"color: #000000;\"><a style=\"color: #000000;\" href=\"http:\/\/www.karneval-dipperz.de\/wp-content\/uploads\/2023\/01\/230128_2202_923-scaled.jpg\"><img loading=\"lazy\" decoding=\"async\" class=\"alignnone size-large wp-image-22514\" src=\"http:\/\/www.karneval-dipperz.de\/wp-content\/uploads\/2023\/01\/230128_2202_923-1024x576.jpg\" alt=\"\" width=\"700\" height=\"394\" srcset=\"http:\/\/www.karneval-dipperz.de\/wp-content\/uploads\/2023\/01\/230128_2202_923-1024x576.jpg 1024w, http:\/\/www.karneval-dipperz.de\/wp-content\/uploads\/2023\/01\/230128_2202_923-300x169.jpg 300w, http:\/\/www.karneval-dipperz.de\/wp-content\/uploads\/2023\/01\/230128_2202_923-768x432.jpg 768w, http:\/\/www.karneval-dipperz.de\/wp-content\/uploads\/2023\/01\/230128_2202_923-1536x864.jpg 1536w, http:\/\/www.karneval-dipperz.de\/wp-content\/uploads\/2023\/01\/230128_2202_923-2048x1152.jpg 2048w\" sizes=\"auto, (max-width: 700px) 100vw, 700px\" \/><\/a><\/span><\/p>\r\n<p style=\"text-align: center;\"><span style=\"color: #000000;\"><a style=\"color: #000000;\" href=\"http:\/\/www.karneval-dipperz.de\/wp-content\/uploads\/2023\/01\/230128_2222_936-scaled.jpg\"><img loading=\"lazy\" decoding=\"async\" class=\"alignnone size-large wp-image-22515\" src=\"http:\/\/www.karneval-dipperz.de\/wp-content\/uploads\/2023\/01\/230128_2222_936-1024x576.jpg\" alt=\"\" width=\"700\" height=\"394\" srcset=\"http:\/\/www.karneval-dipperz.de\/wp-content\/uploads\/2023\/01\/230128_2222_936-1024x576.jpg 1024w, http:\/\/www.karneval-dipperz.de\/wp-content\/uploads\/2023\/01\/230128_2222_936-300x169.jpg 300w, http:\/\/www.karneval-dipperz.de\/wp-content\/uploads\/2023\/01\/230128_2222_936-768x432.jpg 768w, http:\/\/www.karneval-dipperz.de\/wp-content\/uploads\/2023\/01\/230128_2222_936-1536x864.jpg 1536w, http:\/\/www.karneval-dipperz.de\/wp-content\/uploads\/2023\/01\/230128_2222_936-2048x1152.jpg 2048w\" sizes=\"auto, (max-width: 700px) 100vw, 700px\" \/><\/a><\/span><\/p>\r\n<p style=\"text-align: center;\"><span style=\"color: #000000;\"><a style=\"color: #000000;\" href=\"http:\/\/www.karneval-dipperz.de\/wp-content\/uploads\/2023\/01\/230128_2234_957-scaled.jpg\"><img loading=\"lazy\" decoding=\"async\" class=\"alignnone size-large wp-image-22516\" src=\"http:\/\/www.karneval-dipperz.de\/wp-content\/uploads\/2023\/01\/230128_2234_957-1024x576.jpg\" alt=\"\" width=\"700\" height=\"394\" srcset=\"http:\/\/www.karneval-dipperz.de\/wp-content\/uploads\/2023\/01\/230128_2234_957-1024x576.jpg 1024w, http:\/\/www.karneval-dipperz.de\/wp-content\/uploads\/2023\/01\/230128_2234_957-300x169.jpg 300w, http:\/\/www.karneval-dipperz.de\/wp-content\/uploads\/2023\/01\/230128_2234_957-768x432.jpg 768w, http:\/\/www.karneval-dipperz.de\/wp-content\/uploads\/2023\/01\/230128_2234_957-1536x864.jpg 1536w, http:\/\/www.karneval-dipperz.de\/wp-content\/uploads\/2023\/01\/230128_2234_957-2048x1152.jpg 2048w\" sizes=\"auto, (max-width: 700px) 100vw, 700px\" \/><\/a><\/span><\/p>\r\n<p style=\"text-align: center;\"><span style=\"color: #000000;\"><a style=\"color: #000000;\" href=\"http:\/\/www.karneval-dipperz.de\/wp-content\/uploads\/2023\/01\/230128_2246_982-scaled.jpg\"><img loading=\"lazy\" decoding=\"async\" class=\"alignnone size-large wp-image-22517\" src=\"http:\/\/www.karneval-dipperz.de\/wp-content\/uploads\/2023\/01\/230128_2246_982-1024x576.jpg\" alt=\"\" width=\"700\" height=\"394\" srcset=\"http:\/\/www.karneval-dipperz.de\/wp-content\/uploads\/2023\/01\/230128_2246_982-1024x576.jpg 1024w, http:\/\/www.karneval-dipperz.de\/wp-content\/uploads\/2023\/01\/230128_2246_982-300x169.jpg 300w, http:\/\/www.karneval-dipperz.de\/wp-content\/uploads\/2023\/01\/230128_2246_982-768x432.jpg 768w, http:\/\/www.karneval-dipperz.de\/wp-content\/uploads\/2023\/01\/230128_2246_982-1536x864.jpg 1536w, http:\/\/www.karneval-dipperz.de\/wp-content\/uploads\/2023\/01\/230128_2246_982-2048x1152.jpg 2048w\" sizes=\"auto, (max-width: 700px) 100vw, 700px\" \/><\/a><\/span><\/p>\r\n<p style=\"text-align: center;\"><span style=\"color: #000000;\"><a style=\"color: #000000;\" href=\"http:\/\/www.karneval-dipperz.de\/wp-content\/uploads\/2023\/01\/230128_2304_001-scaled.jpg\"><img loading=\"lazy\" decoding=\"async\" class=\"alignnone size-large wp-image-22518\" src=\"http:\/\/www.karneval-dipperz.de\/wp-content\/uploads\/2023\/01\/230128_2304_001-1024x576.jpg\" alt=\"\" width=\"700\" height=\"394\" srcset=\"http:\/\/www.karneval-dipperz.de\/wp-content\/uploads\/2023\/01\/230128_2304_001-1024x576.jpg 1024w, http:\/\/www.karneval-dipperz.de\/wp-content\/uploads\/2023\/01\/230128_2304_001-300x169.jpg 300w, http:\/\/www.karneval-dipperz.de\/wp-content\/uploads\/2023\/01\/230128_2304_001-768x432.jpg 768w, http:\/\/www.karneval-dipperz.de\/wp-content\/uploads\/2023\/01\/230128_2304_001-1536x864.jpg 1536w, http:\/\/www.karneval-dipperz.de\/wp-content\/uploads\/2023\/01\/230128_2304_001-2048x1152.jpg 2048w\" sizes=\"auto, (max-width: 700px) 100vw, 700px\" \/><\/a><\/span><\/p>\r\n<p style=\"text-align: center;\"><span style=\"color: #000000;\"><a style=\"color: #000000;\" href=\"http:\/\/www.karneval-dipperz.de\/wp-content\/uploads\/2023\/01\/230128_2313_014-scaled.jpg\"><img loading=\"lazy\" decoding=\"async\" class=\"alignnone size-large wp-image-22522\" src=\"http:\/\/www.karneval-dipperz.de\/wp-content\/uploads\/2023\/01\/230128_2313_014-1024x576.jpg\" alt=\"\" width=\"700\" height=\"394\" srcset=\"http:\/\/www.karneval-dipperz.de\/wp-content\/uploads\/2023\/01\/230128_2313_014-1024x576.jpg 1024w, http:\/\/www.karneval-dipperz.de\/wp-content\/uploads\/2023\/01\/230128_2313_014-300x169.jpg 300w, http:\/\/www.karneval-dipperz.de\/wp-content\/uploads\/2023\/01\/230128_2313_014-768x432.jpg 768w, http:\/\/www.karneval-dipperz.de\/wp-content\/uploads\/2023\/01\/230128_2313_014-1536x864.jpg 1536w, http:\/\/www.karneval-dipperz.de\/wp-content\/uploads\/2023\/01\/230128_2313_014-2048x1152.jpg 2048w\" sizes=\"auto, (max-width: 700px) 100vw, 700px\" \/><\/a><\/span><\/p>\r\n<p style=\"text-align: center;\"><span style=\"color: #000000;\"><a style=\"color: #000000;\" href=\"http:\/\/www.karneval-dipperz.de\/wp-content\/uploads\/2023\/01\/230128_2333_047-scaled.jpg\"><img loading=\"lazy\" decoding=\"async\" class=\"alignnone size-large wp-image-22519\" src=\"http:\/\/www.karneval-dipperz.de\/wp-content\/uploads\/2023\/01\/230128_2333_047-1024x576.jpg\" alt=\"\" width=\"700\" height=\"394\" srcset=\"http:\/\/www.karneval-dipperz.de\/wp-content\/uploads\/2023\/01\/230128_2333_047-1024x576.jpg 1024w, http:\/\/www.karneval-dipperz.de\/wp-content\/uploads\/2023\/01\/230128_2333_047-300x169.jpg 300w, http:\/\/www.karneval-dipperz.de\/wp-content\/uploads\/2023\/01\/230128_2333_047-768x432.jpg 768w, http:\/\/www.karneval-dipperz.de\/wp-content\/uploads\/2023\/01\/230128_2333_047-1536x864.jpg 1536w, http:\/\/www.karneval-dipperz.de\/wp-content\/uploads\/2023\/01\/230128_2333_047-2048x1152.jpg 2048w\" sizes=\"auto, (max-width: 700px) 100vw, 700px\" \/><\/a><\/span><\/p>\r\n<p style=\"text-align: center;\"><span style=\"color: #000000;\"><a style=\"color: #000000;\" href=\"http:\/\/www.karneval-dipperz.de\/wp-content\/uploads\/2023\/01\/230128_2343_069-scaled.jpg\"><img loading=\"lazy\" decoding=\"async\" class=\"alignnone size-large wp-image-22520\" src=\"http:\/\/www.karneval-dipperz.de\/wp-content\/uploads\/2023\/01\/230128_2343_069-1024x576.jpg\" alt=\"\" width=\"700\" height=\"394\" srcset=\"http:\/\/www.karneval-dipperz.de\/wp-content\/uploads\/2023\/01\/230128_2343_069-1024x576.jpg 1024w, http:\/\/www.karneval-dipperz.de\/wp-content\/uploads\/2023\/01\/230128_2343_069-300x169.jpg 300w, http:\/\/www.karneval-dipperz.de\/wp-content\/uploads\/2023\/01\/230128_2343_069-768x432.jpg 768w, http:\/\/www.karneval-dipperz.de\/wp-content\/uploads\/2023\/01\/230128_2343_069-1536x864.jpg 1536w, http:\/\/www.karneval-dipperz.de\/wp-content\/uploads\/2023\/01\/230128_2343_069-2048x1152.jpg 2048w\" sizes=\"auto, (max-width: 700px) 100vw, 700px\" \/><\/a><\/span><\/p>\r\n<p style=\"text-align: center;\"><span style=\"color: #000000;\"><a style=\"color: #000000;\" href=\"http:\/\/www.karneval-dipperz.de\/wp-content\/uploads\/2023\/01\/230128_2358_123-scaled.jpg\"><img loading=\"lazy\" decoding=\"async\" class=\"alignnone size-large wp-image-22521\" src=\"http:\/\/www.karneval-dipperz.de\/wp-content\/uploads\/2023\/01\/230128_2358_123-1024x576.jpg\" alt=\"\" width=\"700\" height=\"394\" srcset=\"http:\/\/www.karneval-dipperz.de\/wp-content\/uploads\/2023\/01\/230128_2358_123-1024x576.jpg 1024w, http:\/\/www.karneval-dipperz.de\/wp-content\/uploads\/2023\/01\/230128_2358_123-300x169.jpg 300w, http:\/\/www.karneval-dipperz.de\/wp-content\/uploads\/2023\/01\/230128_2358_123-768x432.jpg 768w, http:\/\/www.karneval-dipperz.de\/wp-content\/uploads\/2023\/01\/230128_2358_123-1536x864.jpg 1536w, http:\/\/www.karneval-dipperz.de\/wp-content\/uploads\/2023\/01\/230128_2358_123-2048x1152.jpg 2048w\" sizes=\"auto, (max-width: 700px) 100vw, 700px\" \/><\/a><\/span><\/p>\r\n<p style=\"text-align: center;\">&nbsp;<\/p>","protected":false},"excerpt":{"rendered":"<p>Am Samstag, 28.01.2023 fand nach langer Pause unsere 1. Fremdensitzung im Dipperzer B\u00fcrgerhaus statt. Stimmung und gute Laune herrschten bei der ersten Sitzung. Die G\u00e4ste erlebten im B\u00fcrgerhaus endlich wieder einen kurzweiligen Abend mit tollen T\u00e4nzen, farbenfrohe Kost\u00fcmen und humorvollen Beitr\u00e4gen. Artikel Osthessen n\u00e4rrisch Hier gibt es mehr Bilder von der 1. Sitzung \u2013 allerdings [&hellip;]<\/p>\n","protected":false},"author":666667,"featured_media":0,"parent":0,"menu_order":0,"comment_status":"closed","ping_status":"closed","template":"","meta":{"ngg_post_thumbnail":0,"footnotes":""},"class_list":["post-22189","page","type-page","status-publish","hentry"],"_links":{"self":[{"href":"http:\/\/www.karneval-dipperz.de\/index.php\/wp-json\/wp\/v2\/pages\/22189","targetHints":{"allow":["GET"]}}],"collection":[{"href":"http:\/\/www.karneval-dipperz.de\/index.php\/wp-json\/wp\/v2\/pages"}],"about":[{"href":"http:\/\/www.karneval-dipperz.de\/index.php\/wp-json\/wp\/v2\/types\/page"}],"author":[{"embeddable":true,"href":"http:\/\/www.karneval-dipperz.de\/index.php\/wp-json\/wp\/v2\/users\/666667"}],"replies":[{"embeddable":true,"href":"http:\/\/www.karneval-dipperz.de\/index.php\/wp-json\/wp\/v2\/comments?post=22189"}],"version-history":[{"count":0,"href":"http:\/\/www.karneval-dipperz.de\/index.php\/wp-json\/wp\/v2\/pages\/22189\/revisions"}],"wp:attachment":[{"href":"http:\/\/www.karneval-dipperz.de\/index.php\/wp-json\/wp\/v2\/media?parent=22189"}],"curies":[{"name":"wp","href":"https:\/\/api.w.org\/{rel}","templated":true}]}}