{"id":24774,"date":"2024-06-17T16:45:27","date_gmt":"2024-06-17T16:45:27","guid":{"rendered":"http:\/\/www.karneval-dipperz.de\/?page_id=24774"},"modified":"2024-06-17T16:46:20","modified_gmt":"2024-06-17T16:46:20","slug":"neue-kv-gruppe","status":"publish","type":"page","link":"http:\/\/www.karneval-dipperz.de\/index.php\/neue-kv-gruppe\/","title":{"rendered":"Neue KV-Gruppe"},"content":{"rendered":"<p><strong><span style=\"color: #000000;\">Einladung zur Gr\u00fcndung einer neuen Gruppe des KV Dipperz<\/span><\/strong><\/p>\n<p><span style=\"color: #000000;\">Zur kommenden Jubil\u00e4umskampagne m\u00f6chten wir eine neue Gruppe gr\u00fcnden, die als eine Art<\/span><br \/>\n<span style=\"color: #000000;\">\u201eTummelplatz\u201c f\u00fcr alle dienen soll, die z.B.<\/span><br \/>\n<span style=\"color: #000000;\">\u2022 nicht tanzen und singen oder keine B\u00fc\u01a9enreden vortragen k\u00f6nnen oder wollen,<\/span><br \/>\n<span style=\"color: #000000;\">\u2022 deren ehemalige Gruppen evtl. aufgel\u00f6st wurden oder<\/span><br \/>\n<span style=\"color: #000000;\">\u2022 die aufgrund von Zeitmangel nicht (mehr) an Training oder Proben der bestehenden Gruppen<\/span><br \/>\n<span style=\"color: #000000;\">teilnehmen k\u00f6nnen,<\/span><br \/>\n<span style=\"color: #000000;\">\u2022 die vor einiger Zeit Ihre Ak\u019fvit\u00e4t (oder auch die dazugeh\u00f6rige Jacke oder das Kost\u00fcm) an den<\/span><br \/>\n<span style=\"color: #000000;\">Nagel geh\u00e4ngt haben und \u2013 last, but not least \u2013<\/span><br \/>\n<span style=\"color: #000000;\">\u2022 auch alle, die bisher keine Mitglieder sind, aber Interesse in unserem Verein haben und f\u00fcr<\/span><br \/>\n<span style=\"color: #000000;\">die die aktuellen Gruppen (noch) nicht passend erscheinen.<\/span><br \/>\n<span style=\"color: #000000;\">Aus diesem Grund laden wir alle Interessierten ganz herzlich zu einem ersten Stamm\u019fsch am 27. Juni<\/span><br \/>\n<span style=\"color: #000000;\">ab 19:30 Uhr ins B\u00fcrgerhaus in Dipperz ein.<\/span><\/p>\n<p><span style=\"color: #000000;\">Hier wollen wir ganz ungezwungen Ideen f\u00fcr die Entwicklung der Gruppe austauschen, \u00fcber die<\/span><br \/>\n<span style=\"color: #000000;\">Vorstellungen aller Interessierten sprechen und die weitere, gemeinsame Planung vorantreiben.<\/span><br \/>\n<span style=\"color: #000000;\">M\u00f6gliche Namen f\u00fcr die Gruppe, eventuelle Ak\u019fvit\u00e4ten im Programm, Kleidung usw. k\u00f6nnen<\/span><br \/>\n<span style=\"color: #000000;\">gemeinscha\u014clich disku\u019fert werden, um zusammen etwas tolles Neues innerhalb des Karnevalvereins<\/span><br \/>\n<span style=\"color: #000000;\">zu gestalten.<\/span><br \/>\n<span style=\"color: #000000;\">Wir freuen uns \u00fcber reges Interesse und Teilnahme am ersten Austausch \u2013 jeder ist herzlich<\/span><br \/>\n<span style=\"color: #000000;\">willkommen!<\/span><\/p>\n<p><span style=\"color: #000000;\">Wir freuen uns auf euer Kommen und verbleiben<\/span><\/p>\n<p><span style=\"color: #000000;\">Der KV-Vorstand<\/span><\/p>\n","protected":false},"excerpt":{"rendered":"<p>Einladung zur Gr\u00fcndung einer neuen Gruppe des KV Dipperz Zur kommenden Jubil\u00e4umskampagne m\u00f6chten wir eine neue Gruppe gr\u00fcnden, die als eine Art \u201eTummelplatz\u201c f\u00fcr alle dienen soll, die z.B. \u2022 nicht tanzen und singen oder keine B\u00fc\u01a9enreden vortragen k\u00f6nnen oder wollen, \u2022 deren ehemalige Gruppen evtl. aufgel\u00f6st wurden oder \u2022 die aufgrund von Zeitmangel nicht [&hellip;]<\/p>\n","protected":false},"author":666667,"featured_media":0,"parent":0,"menu_order":0,"comment_status":"closed","ping_status":"closed","template":"","meta":{"ngg_post_thumbnail":0,"footnotes":""},"class_list":["post-24774","page","type-page","status-publish","hentry"],"_links":{"self":[{"href":"http:\/\/www.karneval-dipperz.de\/index.php\/wp-json\/wp\/v2\/pages\/24774","targetHints":{"allow":["GET"]}}],"collection":[{"href":"http:\/\/www.karneval-dipperz.de\/index.php\/wp-json\/wp\/v2\/pages"}],"about":[{"href":"http:\/\/www.karneval-dipperz.de\/index.php\/wp-json\/wp\/v2\/types\/page"}],"author":[{"embeddable":true,"href":"http:\/\/www.karneval-dipperz.de\/index.php\/wp-json\/wp\/v2\/users\/666667"}],"replies":[{"embeddable":true,"href":"http:\/\/www.karneval-dipperz.de\/index.php\/wp-json\/wp\/v2\/comments?post=24774"}],"version-history":[{"count":0,"href":"http:\/\/www.karneval-dipperz.de\/index.php\/wp-json\/wp\/v2\/pages\/24774\/revisions"}],"wp:attachment":[{"href":"http:\/\/www.karneval-dipperz.de\/index.php\/wp-json\/wp\/v2\/media?parent=24774"}],"curies":[{"name":"wp","href":"https:\/\/api.w.org\/{rel}","templated":true}]}}